{"id":135,"date":"2016-10-14T08:10:59","date_gmt":"2016-10-14T08:10:59","guid":{"rendered":"http:\/\/207.154.234.151\/?page_id=135"},"modified":"2023-12-23T20:46:07","modified_gmt":"2023-12-23T20:46:07","slug":"contacto","status":"publish","type":"page","link":"https:\/\/estudifustes.com\/index.php\/contacto\/","title":{"rendered":"Contacto"},"content":{"rendered":"<section class=\"wpb-content-wrapper\"><div class=\"vc_row wpb_row vc_row-fluid vc_custom_1548852959492\"><div class=\"wpb_column vc_column_container vc_col-sm-12\"><div class=\"vc_column-inner\"><div class=\"wpb_wrapper\"><div id=\"sc_title_930363422\"\r\n\t\tclass=\"sc_title sc_title_default\"><h2 class=\"sc_item_title sc_title_title sc_align_center sc_item_title_style_default\">Contacta con nosotros<\/h2><h6 class=\"sc_item_subtitle sc_title_subtitle sc_align_center sc_item_title_style_default\">Informaci\u00f3n de contacto<\/h6><\/div><!-- \/.sc_title --><\/div><\/div><\/div><\/div><div class=\"vc_row wpb_row vc_row-fluid contact_us vc_custom_1548852888772\"><div class=\"wpb_column vc_column_container vc_col-sm-2\"><div class=\"vc_column-inner\"><div class=\"wpb_wrapper\"><\/div><\/div><\/div><div class=\"wpb_column vc_column_container vc_col-sm-4\"><div class=\"vc_column-inner\"><div class=\"wpb_wrapper\">\n<div class=\"wpcf7 no-js\" id=\"wpcf7-f707-o1\" lang=\"en-US\" dir=\"ltr\">\n<div class=\"screen-reader-response\"><p role=\"status\" aria-live=\"polite\" aria-atomic=\"true\"><\/p> <ul><\/ul><\/div>\n<form action=\"\/index.php\/wp-json\/wp\/v2\/pages\/135#wpcf7-f707-o1\" method=\"post\" class=\"wpcf7-form init\" aria-label=\"Contact form\" novalidate=\"novalidate\" data-status=\"init\">\n<div style=\"display: none;\">\n<input type=\"hidden\" name=\"_wpcf7\" value=\"707\" \/>\n<input type=\"hidden\" name=\"_wpcf7_version\" value=\"5.8.2\" \/>\n<input type=\"hidden\" name=\"_wpcf7_locale\" value=\"en_US\" \/>\n<input type=\"hidden\" name=\"_wpcf7_unit_tag\" value=\"wpcf7-f707-o1\" \/>\n<input type=\"hidden\" name=\"_wpcf7_container_post\" value=\"0\" \/>\n<input type=\"hidden\" name=\"_wpcf7_posted_data_hash\" value=\"\" \/>\n<input type=\"hidden\" name=\"_wpcf7_recaptcha_response\" value=\"\" \/>\n<\/div>\n<div class=\"flex\">\n\t<div class='itm row' >\n\t\t<p><span class=\"wpcf7-form-control-wrap\" data-name=\"your-name\"><input size=\"40\" class=\"wpcf7-form-control wpcf7-text wpcf7-validates-as-required\" aria-required=\"true\" aria-invalid=\"false\" placeholder=\"Nombre*\" value=\"\" type=\"text\" name=\"your-name\" \/><\/span>\n\t\t<\/p>\n\t<\/div>\n\t<div class='itm row'>\n\t\t<p><span class=\"wpcf7-form-control-wrap\" data-name=\"email\"><input size=\"40\" class=\"wpcf7-form-control wpcf7-email wpcf7-validates-as-required wpcf7-text wpcf7-validates-as-email\" aria-required=\"true\" aria-invalid=\"false\" placeholder=\"E-mail*\" value=\"\" type=\"email\" name=\"email\" \/><\/span>\n\t\t<\/p>\n\t<\/div>\n<\/div>\n<div class=''>\n\t<p><span class=\"wpcf7-form-control-wrap\" data-name=\"your-message\"><textarea cols=\"40\" rows=\"10\" class=\"wpcf7-form-control wpcf7-textarea wpcf7-validates-as-required\" aria-required=\"true\" aria-invalid=\"false\" placeholder=\"D\u00e9janos aqu\u00ed tu mensaje*\" name=\"your-message\"><\/textarea><\/span>\n\t<\/p>\n<\/div>\n<div class=\"bt\">\n\t<p><input class=\"wpcf7-form-control wpcf7-submit has-spinner\" type=\"submit\" value=\"Enviar mensaje\" \/>\n\t<\/p>\n<\/div><div class=\"wpcf7-response-output\" aria-hidden=\"true\"><\/div>\n<\/form>\n<\/div>\n<div class=\"vc_empty_space  height_small\"   style=\"height: 32px\"><span class=\"vc_empty_space_inner\"><\/span><\/div><\/div><\/div><\/div><div class=\"wpb_column vc_column_container vc_col-sm-4\"><div class=\"vc_column-inner\"><div class=\"wpb_wrapper\">\n\t<div class=\"wpb_text_column wpb_content_element \" >\n\t\t<div class=\"wpb_wrapper\">\n\t\t\t<div class=\"sc_form_info\">\n<div class=\"sc_form_info_item sc_form_info_item_phone\"><span class=\"sc_form_info_area\"><span class=\"sc_form_info_title\">Tel\u00e9fono: <\/span><span class=\"sc_form_info_data\"><a href=\"tel:123-456-7890\">+34 605 93 02 45<\/a><br \/>\n<\/span><\/span><\/div>\n<div class=\"sc_form_info_item sc_form_info_item_email\"><span class=\"sc_form_info_area\"><span class=\"sc_form_info_title\">E-mail: <a href=\"mailto:info@estudifustes.com\"><span style=\"font-weight: 400;\">info@estudifustes.com<\/span><\/a> <\/span><br \/>\n<\/span><\/div>\n<div>Direcci\u00f3n: <a href=\"https:\/\/maps.app.goo.gl\/ooq8Kb21rg75JrqB9\">Passeig Lluis Muncunill, 49, 08225, Terrassa, Barcelona.<\/a><\/div>\n<\/div>\n\n\t\t<\/div>\n\t<\/div>\n<\/div><\/div><\/div><\/div>\n<\/section>","protected":false},"excerpt":{"rendered":"Contacta con nosotrosInformaci\u00f3n de contacto Tel\u00e9fono: +34 605 93 02 45 E-mail: info@estudifustes.com Direcci\u00f3n: Passeig Lluis Muncunill, 49, 08225, Terrassa, Barcelona.","protected":false},"author":1,"featured_media":0,"parent":0,"menu_order":0,"comment_status":"closed","ping_status":"closed","template":"","meta":{"footnotes":""},"class_list":["post-135","page","type-page","status-publish","hentry"],"yoast_head":"<!-- This site is optimized with the Yoast SEO plugin v21.5 - https:\/\/yoast.com\/wordpress\/plugins\/seo\/ -->\n<title>Contacto - Estudi Fustes<\/title>\n<meta name=\"description\" content=\"Contacto Estudi Fustes\" \/>\n<meta name=\"robots\" content=\"index, follow, max-snippet:-1, max-image-preview:large, max-video-preview:-1\" \/>\n<link rel=\"canonical\" href=\"https:\/\/estudifustes.com\/index.php\/contacto\/\" \/>\n<meta property=\"og:locale\" content=\"en_US\" \/>\n<meta property=\"og:type\" content=\"article\" \/>\n<meta property=\"og:title\" content=\"Contacto - Estudi Fustes\" \/>\n<meta property=\"og:description\" content=\"Contacto Estudi Fustes\" \/>\n<meta property=\"og:url\" content=\"https:\/\/estudifustes.com\/index.php\/contacto\/\" \/>\n<meta property=\"og:site_name\" content=\"Estudi Fustes\" \/>\n<meta property=\"article:modified_time\" content=\"2023-12-23T20:46:07+00:00\" \/>\n<meta property=\"og:image\" content=\"https:\/\/estudifustes.com\/wp-content\/uploads\/2023\/10\/slide-home-1-fustes.jpg\" \/>\n\t<meta property=\"og:image:width\" content=\"1920\" \/>\n\t<meta property=\"og:image:height\" content=\"720\" \/>\n\t<meta property=\"og:image:type\" content=\"image\/jpeg\" \/>\n<meta name=\"twitter:card\" content=\"summary_large_image\" \/>\n<meta name=\"twitter:label1\" content=\"Est. reading time\" \/>\n\t<meta name=\"twitter:data1\" content=\"1 minute\" \/>\n<script type=\"application\/ld+json\" class=\"yoast-schema-graph\">{\"@context\":\"https:\/\/schema.org\",\"@graph\":[{\"@type\":\"WebPage\",\"@id\":\"https:\/\/estudifustes.com\/index.php\/contacto\/\",\"url\":\"https:\/\/estudifustes.com\/index.php\/contacto\/\",\"name\":\"Contacto - Estudi Fustes\",\"isPartOf\":{\"@id\":\"https:\/\/estudifustes.com\/#website\"},\"datePublished\":\"2016-10-14T08:10:59+00:00\",\"dateModified\":\"2023-12-23T20:46:07+00:00\",\"description\":\"Contacto Estudi Fustes\",\"breadcrumb\":{\"@id\":\"https:\/\/estudifustes.com\/index.php\/contacto\/#breadcrumb\"},\"inLanguage\":\"en-US\",\"potentialAction\":[{\"@type\":\"ReadAction\",\"target\":[\"https:\/\/estudifustes.com\/index.php\/contacto\/\"]}]},{\"@type\":\"BreadcrumbList\",\"@id\":\"https:\/\/estudifustes.com\/index.php\/contacto\/#breadcrumb\",\"itemListElement\":[{\"@type\":\"ListItem\",\"position\":1,\"name\":\"Home\",\"item\":\"https:\/\/estudifustes.com\/\"},{\"@type\":\"ListItem\",\"position\":2,\"name\":\"Contacto\"}]},{\"@type\":\"WebSite\",\"@id\":\"https:\/\/estudifustes.com\/#website\",\"url\":\"https:\/\/estudifustes.com\/\",\"name\":\"Estudi Fustes | Creaciones a medida\",\"description\":\"Creaciones en madera a medida\",\"publisher\":{\"@id\":\"https:\/\/estudifustes.com\/#\/schema\/person\/e17811691d3b162ffb7cb07565c4939d\"},\"alternateName\":\"Estudi Fustes\",\"potentialAction\":[{\"@type\":\"SearchAction\",\"target\":{\"@type\":\"EntryPoint\",\"urlTemplate\":\"https:\/\/estudifustes.com\/?s={search_term_string}\"},\"query-input\":\"required name=search_term_string\"}],\"inLanguage\":\"en-US\"},{\"@type\":[\"Person\",\"Organization\"],\"@id\":\"https:\/\/estudifustes.com\/#\/schema\/person\/e17811691d3b162ffb7cb07565c4939d\",\"name\":\"Estudi Fustes\",\"image\":{\"@type\":\"ImageObject\",\"inLanguage\":\"en-US\",\"@id\":\"https:\/\/estudifustes.com\/#\/schema\/person\/image\/\",\"url\":\"https:\/\/estudifustes.com\/wp-content\/uploads\/2023\/10\/Foto2.jpg\",\"contentUrl\":\"https:\/\/estudifustes.com\/wp-content\/uploads\/2023\/10\/Foto2.jpg\",\"width\":1920,\"height\":1280,\"caption\":\"Estudi Fustes\"},\"logo\":{\"@id\":\"https:\/\/estudifustes.com\/#\/schema\/person\/image\/\"}}]}<\/script>\n<!-- \/ Yoast SEO plugin. -->","yoast_head_json":{"title":"Contacto - Estudi Fustes","description":"Contacto Estudi Fustes","robots":{"index":"index","follow":"follow","max-snippet":"max-snippet:-1","max-image-preview":"max-image-preview:large","max-video-preview":"max-video-preview:-1"},"canonical":"https:\/\/estudifustes.com\/index.php\/contacto\/","og_locale":"en_US","og_type":"article","og_title":"Contacto - Estudi Fustes","og_description":"Contacto Estudi Fustes","og_url":"https:\/\/estudifustes.com\/index.php\/contacto\/","og_site_name":"Estudi Fustes","article_modified_time":"2023-12-23T20:46:07+00:00","og_image":[{"width":1920,"height":720,"url":"https:\/\/estudifustes.com\/wp-content\/uploads\/2023\/10\/slide-home-1-fustes.jpg","type":"image\/jpeg"}],"twitter_card":"summary_large_image","twitter_misc":{"Est. reading time":"1 minute"},"schema":{"@context":"https:\/\/schema.org","@graph":[{"@type":"WebPage","@id":"https:\/\/estudifustes.com\/index.php\/contacto\/","url":"https:\/\/estudifustes.com\/index.php\/contacto\/","name":"Contacto - Estudi Fustes","isPartOf":{"@id":"https:\/\/estudifustes.com\/#website"},"datePublished":"2016-10-14T08:10:59+00:00","dateModified":"2023-12-23T20:46:07+00:00","description":"Contacto Estudi Fustes","breadcrumb":{"@id":"https:\/\/estudifustes.com\/index.php\/contacto\/#breadcrumb"},"inLanguage":"en-US","potentialAction":[{"@type":"ReadAction","target":["https:\/\/estudifustes.com\/index.php\/contacto\/"]}]},{"@type":"BreadcrumbList","@id":"https:\/\/estudifustes.com\/index.php\/contacto\/#breadcrumb","itemListElement":[{"@type":"ListItem","position":1,"name":"Home","item":"https:\/\/estudifustes.com\/"},{"@type":"ListItem","position":2,"name":"Contacto"}]},{"@type":"WebSite","@id":"https:\/\/estudifustes.com\/#website","url":"https:\/\/estudifustes.com\/","name":"Estudi Fustes | Creaciones a medida","description":"Creaciones en madera a medida","publisher":{"@id":"https:\/\/estudifustes.com\/#\/schema\/person\/e17811691d3b162ffb7cb07565c4939d"},"alternateName":"Estudi Fustes","potentialAction":[{"@type":"SearchAction","target":{"@type":"EntryPoint","urlTemplate":"https:\/\/estudifustes.com\/?s={search_term_string}"},"query-input":"required name=search_term_string"}],"inLanguage":"en-US"},{"@type":["Person","Organization"],"@id":"https:\/\/estudifustes.com\/#\/schema\/person\/e17811691d3b162ffb7cb07565c4939d","name":"Estudi Fustes","image":{"@type":"ImageObject","inLanguage":"en-US","@id":"https:\/\/estudifustes.com\/#\/schema\/person\/image\/","url":"https:\/\/estudifustes.com\/wp-content\/uploads\/2023\/10\/Foto2.jpg","contentUrl":"https:\/\/estudifustes.com\/wp-content\/uploads\/2023\/10\/Foto2.jpg","width":1920,"height":1280,"caption":"Estudi Fustes"},"logo":{"@id":"https:\/\/estudifustes.com\/#\/schema\/person\/image\/"}}]}},"_links":{"self":[{"href":"https:\/\/estudifustes.com\/index.php\/wp-json\/wp\/v2\/pages\/135","targetHints":{"allow":["GET"]}}],"collection":[{"href":"https:\/\/estudifustes.com\/index.php\/wp-json\/wp\/v2\/pages"}],"about":[{"href":"https:\/\/estudifustes.com\/index.php\/wp-json\/wp\/v2\/types\/page"}],"author":[{"embeddable":true,"href":"https:\/\/estudifustes.com\/index.php\/wp-json\/wp\/v2\/users\/1"}],"replies":[{"embeddable":true,"href":"https:\/\/estudifustes.com\/index.php\/wp-json\/wp\/v2\/comments?post=135"}],"version-history":[{"count":11,"href":"https:\/\/estudifustes.com\/index.php\/wp-json\/wp\/v2\/pages\/135\/revisions"}],"predecessor-version":[{"id":1282,"href":"https:\/\/estudifustes.com\/index.php\/wp-json\/wp\/v2\/pages\/135\/revisions\/1282"}],"wp:attachment":[{"href":"https:\/\/estudifustes.com\/index.php\/wp-json\/wp\/v2\/media?parent=135"}],"curies":[{"name":"wp","href":"https:\/\/api.w.org\/{rel}","templated":true}]}}